 - -245. Suppose 1176 = -1188*m + 1216*m. Calculate the highest common factor of l and m.
14
Suppose -5*f = -15, 3*f = 3*v + 1 - 4. Suppose 3*n = 13 + 2. Let u = v + n. What is the greatest common factor of 3 and u?
3
Let i(q) = 3*q**2 - 3*q - 16. Let w be i(5). Let f = w + -42. What is the greatest common factor of 16 and f?
2
Suppose -3*z = 4*v - 223, -v - 270 = -6*v - 2*z. Suppose 3*a + 66 = 3*s - 6*s, 0 = -5*a + 25. Let g = s + 105. Calculate the greatest common divisor of g and v.
26
Suppose 0*l + 4*l = -48. Let t = l - -30. Suppose 108 = 18*r - 16*r. What is the highest common divisor of r and t?
18
Suppose 0 = 3*s - 4*p - 39, 0 = -8*s + 7*s + 3*p + 18. What is the greatest common divisor of 3447 and s?
9
Let q be (-1)/1 - 2*-28. Let l = 324 - 313. Calculate the greatest common divisor of q and l.
11
Suppose 2*n - 2*l = 44, -7*n + 3*l = -3*n - 87. Let p be ((-72)/20)/((-3)/140*1). What is the greatest common factor of p and n?
21
Suppose 3*p - 105 = -3*l, 33*l - 4*p - 70 = 30*l. What is the highest common factor of 110 and l?
10
Suppose 15*i + 6*i = 819. Calculate the greatest common factor of i and 9.
3
Suppose -3*m - 5*g = -g + 80, 75 = -5*m + 5*g. Let f be (-3 - -1)/(8/(-132)). Let r = m + f. Calculate the greatest common factor of 13 and r.
13
Let s be -3 + 4 + 3 - 2. Suppose -s*c - 2 + 8 = 0. Let y be (c/(-6))/((-5)/90). What is the greatest common factor of 1 and y?
1
Suppose 0 = 3*z - 0*z, -2*a - 3*z + 24 = 0. Let q be 3 + 4 - (0 + 3). What is the highest common divisor of q and a?
4
Let l = 64 + -40. What is the greatest common divisor of l and 192?
24
Suppose 2*r - 12 = 2*o, r + 5*o + 18 = 2*r. Suppose -a + 6 = 4*s - r*s, -4*a = 5*s - 26. Calculate the greatest common factor of a and 1.
1
Let p(d) = -5*d - 4. Let q be p(-7). Let n be 132/(-5)*(-155)/q. What is the greatest common factor of 33 and n?
33
Let f(b) = 2*b**2 + 10*b + 17. Let a be f(-4). What is the highest common divisor of a and 180?
9
Suppose -2*g - 19 = 16*y - 21*y, 2*y - 10 = 0. What is the highest common divisor of g and 6?
3
Let b be (-6)/21 - (-94)/(-14). Let i(p) = p**2 + 18*p + 3. Let d be i(-19). Let z = d + b. Calculate the highest common factor of 6 and z.
3
Let f = 385 + -250. Suppose 4*g = -n + 359, 2*g - 358 = -2*g - 2*n. What is the highest common factor of g and f?
45
Let d be (-2)/4 - 21/2. Let r = 16 + d. Suppose -c + 31 = r*f - 44, 5*c - 287 = -3*f. What is the greatest common factor of 11 and c?
11
Let m(d) = 4*d**2 - 4*d + 1. Let k(w) = 3*w**2 - 3*w + 1. Let s(n) = 6*k(n) - 4*m(n). Let q be s(2). Calculate the highest common factor of 4 and q.
2
Let a be ((-1)/1)/(16 - 15). Let f(d) = 21*d**2 + 4*d + 2. Let s be f(a). What is the greatest common divisor of s and 247?
19
Suppose 4 = 4*f, 3*q + 0*f = 5*f + 7. Suppose q*k = -k - 45. Let h(b) = b**2 + 8*b - 8. Let u be h(k). What is the highest common factor of 3 and u?
1
Let m be 1 + 1/12*4*147. Suppose -4*y - 2*x = -4, 2*x + 10 = 4*y - 2. Let b be (y/(-4))/(4/(-80)). Calculate the highest common divisor of m and b.
10
Let f(y) = y**3 + 7*y**2 + 2*y - 17. Let u be f(-5). What is the greatest common divisor of 23 and u?
23
Let p be (9/(36/(-1264)))/(-2). Suppose 5*w + 72 = 4*s, 5*s = -3*w - 31 + p. Let z = 158 + 3. Calculate the highest common factor of z and s.
23
Let v be (-83)/(-4) - (-3)/12. Suppose 3*p - 2*o + 136 = 5*p, -4*o - 43 = -p. Calculate the highest common divisor of v and p.
21
Let j = -137 - -155. Calculate the highest common factor of j and 36.
18
Let u be (6 - 2) + (-3 - -7). Let a be (-2)/(u/(-228)) - 2. Let j = a - -296. What is the greatest common factor of j and 39?
39
Let l(j) = -11*j + 4. Let q be l(-3). Let s(t) = t**3 + t**2 - 3*t + 10. Let k be s(3). What is the highest common factor of q and k?
37
Suppose 3*g = -2*g + 2200. Suppose -4*u + 0*u = -g. Let y be (-2)/(-6) - (-262)/6. Calculate the greatest common divisor of u and y.
22
Let c(x) be the second derivative of x**4/12 + x**3/6 + 7*x**2/2 - 14*x. Let g be c(3). What is the greatest common divisor of 76 and g?
19
Let m = 290 + -212. What is the greatest common divisor of 39 and m?
39
Suppose 619 = 5*d - s - 52, -2*d + 265 = 3*s. Let v = d + -111. What is the greatest common divisor of v and 23?
23
Let w = -1297 + 1310. Calculate the greatest common factor of 234 and w.
13
Suppose 5*h - 65 = -5*v, -v + 4*h - 11 = -34. Calculate the highest common divisor of v and 18.
3
Let j be (-6 - -9)*1*(0 - -9). Calculate the highest common divisor of 189 and j.
27
Let k = -38 + 53. Let v = -259 + 287. Let h be 2276/38 - v/(-266). What is the greatest common divisor of k and h?
15
Let o(q) = 8*q - 7. Let v be o(2). Let k be -2 + 11 - 0/(-1*2). Calculate the greatest common factor of v and k.
9
Suppose -3*b + 0*b = 6. Let k be b/(1/(-5)*2). Let m(n) = 26*n - 232. Let u be m(9). Calculate the highest common divisor of u and k.
1
Let j be (8/(-18))/(5/(-90)). Let b be ((-16)/(-2))/(4/6). Calculate the highest common factor of b and j.
4
Let p be (16/2)/(4/6). Suppose -126 = -0*n - 7*n. What is the greatest common divisor of n and p?
6
Let x be -5 - -1 - (-233 - (4 - 5)). What is the greatest common divisor of 36 and x?
12
Let c be 4*(-2)/8*-6. Let p(v) = v**2 - 17*v - 14. Let y be p(15). Let d = y - -46. Calculate the greatest common divisor of d and c.
2
Let z be 34/10 - (26/(-10) - -3). Suppose -4*g - 30 = -2*a, 4*g - 6*g = z*a - 45. Calculate the greatest common factor of a and 105.
15
Suppose 306 + 2606 = 8*a. What is the greatest common factor of 52 and a?
52
Let k be (10/(-4))/((15/(-6))/5). Suppose -7 = -2*u + 3*o, 5*o = u - 2 - k. Suppose x - 20 = -4*x. What is the greatest common factor of u and x?
2
Let w(u) = u**3 - 3*u**2 - 1. Let s be w(4). Suppose -14*d - 20 = -s*d. What is the greatest common factor of d and 4?
4
Let h = -2107 + 2137. Calculate the greatest common divisor of h and 240.
30
Let o(f) = -f**2 - 7*f + 5. Let y be o(-7). Suppose z = -2*s + 14, s + 5*z = 2*s - 29. Suppose -s*j + y*j = -52. What is the highest common factor of j and 39?
13
Suppose -5*k + 95 = 5*u, -2*u + 3*k = 2*u - 55. Suppose -4*d - u = -5*d - 3*y, 3*d - 3*y = 0. What is the greatest common factor of d and 32?
4
Let x be ((-16)/6)/((-1)/3). Let v be (-536)/(-14) - x/28. Let k = v + -11. Calculate the highest common factor of k and 9.
9
Suppose -2*f + 5*v + 737 = 0, -4*f + 0*f + 1519 = 5*v. What is the highest common factor of 47 and f?
47
Let b = 1795 + -1718. Calculate the highest common divisor of 91 and b.
7
Let d(x) = x**3 + 6*x**2 - 7*x. Let q = 35 + -41. Let i be d(q). What is the greatest common factor of i and 14?
14
Let z(p) = 5*p**2 + p + 2. Let u be z(-1). Suppose 4*v - 5*h + 84 = u*v, -40 = -v - 2*h. Calculate the highest common factor of v and 4.
4
Suppose 0 = 3*d - 9, u - 5*u + 108 = 4*d. Calculate the greatest common divisor of 348 and u.
12
Suppose 0 = 14*f - 1693 - 2423. What is the highest common divisor of f and 6?
6
Suppose 1020 = v + 5*v. Let d = v - 158. What is the highest common factor of d and 20?
4
Suppose -4*x + 0*x = 32. Let c be (x/5)/(2/(-20)). Let w be (-13 + 6)/(119/(-204)) + 132. What is the highest common factor of c and w?
16
Let i be 18/10 + 4/20. Suppose 0 = i*j + 2*l - 380, 3*j - l = -2*j + 950. What is the highest common factor of j and 38?
38
Let t be 38/247 - (-9508)/52. Calculate the highest common factor of t and 122.
61
Suppose -552 + 127 = -25*c. What is the greatest common factor of c and 1853?
17
Suppose -20*d + 620 + 220 = 0. What is the greatest common divisor of 504 and d?
42
Suppose -3*a - 4*k + 145 = -175, 195 = 2*a - k. What is the greatest common divisor of 50 and a?
50
Let n(x) = -x**3 + 9*x**2 - 5*x - 12. Let l be -1 + 8 + 1 + (-4 - -2). Let i be n(l). Calculate the highest common factor of i and 6.
6
Let o be (-360)/(-56) - 6/14. Let x = 106 + o. Calculate the highest common divisor of 28 and x.
28
Let j(i) = -22*i - 7. Let b be 3 - ((-21)/3)/(-1). Let v be j(b). What is the greatest common factor of v and 9?
9
Suppose 15*x = 9*x + 888. What is the highest common divisor of 4 and x?
4
Let j be 3/12 + (-6035)/(-68). Suppose j + 61 = 3*r. Suppose t - 95 = -5*p, 4*p = 9 + 7. What is the greatest common factor of r and t?
25
Suppose -a - 1 = 3*b, -4*b = -3*a - 5*b + 5. Suppose 42 = f 